34). Suppose 19*a - 20*a = -c. Is a a composite number?
False
Suppose t + m = 7, -5*t + 8*t = -m + 15. Suppose -14*z = t*o - 9*z - 41995, 2*o - z - 20987 = 0. Is o prime?
False
Let l(f) = 5*f - 4*f - f + 4*f + 321*f**2 + 2. Suppose -5*m + 46 = 61. Is l(m) prime?
True
Suppose -2*b - 1 = 5*k, 3*b - k - 12 - 12 = 0. Let j = 2 + b. Is -1 - 3*(-3)/(j/34) prime?
False
Let u = -3 - 6. Suppose 5*q + 5*x = -445, -4*q - 321 = -4*x + x. Is (-906)/u*q/(-8) a prime number?
False
Let m = 1454872 - 1020363. Is m a prime number?
True
Is (2/14)/(133/11820907) a prime number?
True
Suppose -23*d = -0*d - 1049605. Suppose -4*x = -2*v + 18254, 71*v - 3*x = 76*v - d. Is v prime?
True
Is (-14820894)/(-102) - 6/(-51) composite?
False
Suppose -5*d + 5*a + 78840 = 0, 6*d + 46941 = -a + 141556. Is d composite?
True
Suppose -185 = -19*h + 14*h. Let s be 8*(-4 + h/8). Suppose 0 = -4*n - 0*n - 20, 2*l - s*n = 127. Is l a prime number?
False
Let k be ((-8)/6)/(4/(-6)). Suppose h - 11 = -k*l, -l + 2*h = -0*l + 2. Is 9156/48 - (-1)/l prime?
True
Let a be 396*(10 - (5 + -3)). Suppose -2*z + 3180 = -2*n, a = -z + 3*z - 5*n. Is (2 - -1)/(6/z) prime?
True
Let g = 81 - 77. Suppose 9964 = 3*p - 2*l - 1125, 5*l = g*p - 14783. Is p composite?
False
Suppose 113*t - 27752861 = 26931116. Is t composite?
False
Let c be (1/(10/(-16)))/(6/(-15)). Suppose 0 = -u - 5*g + 914, 731 = -4*u - c*g + 4339. Is u a composite number?
True
Let u = -119 - -179. Is 6/(u/(-214))*-5 - -4 prime?
False
Suppose 5*b - 5*n = 430785, 149*b - 152*b + 258499 = 4*n. Is b prime?
True
Suppose 0 = 5*v - t - 448911, -3*v + 3*t = t - 269341. Is v prime?
True
Let m(s) = -113233*s**3 + 3*s**2 + 7*s + 5. Let q be m(-1). Suppose 6*v - q = -16*v. Is v a composite number?
False
Let o be (4 - 3)/(1*(-1)/23). Let r(c) = 24*c**2 - 71*c - 27. Is r(o) composite?
True
Let g be 5*12/10*(-4)/(-6). Suppose 4*l - 3*l + 1600 = 3*j, -g*l = 5*j - 2661. Suppose -2*y + 3*u + 531 = 4*u, -2*y + j = 3*u. Is y composite?
True
Suppose -1818278 = -4*q + 5*r, -2*r = -55*q + 60*q - 2272897. Is q a composite number?
False
Let n be (-6)/(-3)*(-5495)/(-2). Suppose 0 = l - 3, 6*d = 3*d + 4*l - 3. Suppose -5*t + 5527 = d*b, 0*b - n = -5*t + 5*b. Is t composite?
False
Suppose -9*y + 4 = -7*y, 3*o + 5*y - 22 = 0. Suppose o*s = 2*k + 8818, 8*s + k + 11027 = 13*s. Is s prime?
False
Let x(z) = -3164068*z**3 + 4*z**2 + 26*z + 25. Is x(-1) prime?
True
Suppose 38666 - 4418 = 8*b. Let k = b + -2885. Is 19/19*(k - -1) a prime number?
False
Let m(f) = -f**2 + 2*f - 6. Let b be m(5). Is 1 - 5 - (-2485)/(-7)*b prime?
True
Suppose -3*w = 9*u + u - 183981, 5*w = 2*u + 306523. Is w composite?
True
Suppose 3*n - 218 = -5*o, 2*n + 0*n = -4*o + 176. Let f(t) = 62*t - 12 - o*t - 19. Is f(15) composite?
True
Let v(c) = 34*c + 103. Let u(b) = -32*b - 104. Let s(p) = -4*u(p) - 5*v(p). Is s(-38) composite?
True
Let f(a) = 10*a + 35. Let s be f(-3). Suppose 5*u = -4*v + 18704 - 4081, -u + 2933 = s*v. Is u composite?
True
Let i(a) = 50*a**2 + 20*a + 211. Is i(-50) a prime number?
False
Let g(q) = 247*q - 18 + 102 + 37 + 701*q - 104*q. Is g(5) a composite number?
True
Suppose 13*k + 8708 + 1874 = 0. Let z = k - -1179. Is z prime?
False
Suppose -3*d + 7 = -5*c, -d = 3*c + 4 + 3. Let s(w) = -6288*w**3 - 2*w**2 - 4*w - 3. Is s(d) prime?
True
Let m(j) = 7057*j**3 + 2*j**2 - 6*j + 3. Let x be m(1). Suppose -1838 = 2*d - x. Is d a prime number?
True
Let u(h) = -164*h + 5342. Is u(0) a composite number?
True
Suppose 20*m = 19*m - 1962. Let i = -433 - m. Is i a composite number?
True
Suppose 2*u - h - 5375 = -0*h, u - 2695 = -h. Is u/4 + (-2)/(-4) prime?
True
Suppose -82*k + 83*k + 3*q - 22414 = 0, -5*q + 22396 = k. Is k composite?
False
Let w(u) = -u**3 + 5*u**2 - 20*u + 21. Let q be w(7). Let a = 440 + q. Is a prime?
True
Let v(b) = -14*b - 124. Let h be v(-9). Let q(p) = 247*p**3 - p**2 + 3*p - 5. Is q(h) a prime number?
True
Suppose 3*b - 18 = 0, -2*n - 3*n + 1621442 = 2*b. Is n composite?
True
Let v(u) = 77*u - 26. Let x(h) be the third derivative of -193*h**4/12 + 65*h**3/3 - 12*h**2. Let n(b) = 11*v(b) + 2*x(b). Is n(4) composite?
True
Let b = -7399 - -25205. Suppose -8898 = -f - 0*m + 3*m, -4*m = -2*f + b. Suppose 0*c = -2*d - 5*c + 4453, 4*d + 3*c = f. Is d a prime number?
False
Let b(u) = 62*u + 40. Let a be b(-8). Let m = 871 + a. Is (1 - -2) + m + (0 - -1) composite?
False
Let s = -1625 + 3229. Let y = s - 831. Is (y - 1)/(2 - 0) - -3 a prime number?
True
Let n(z) = 58*z**2 - 69*z - 834. Is n(-13) a composite number?
True
Suppose 18*y + 19 = 1. Let n(w) = 6442*w**2 - 11*w - 4. Is n(y) prime?
True
Is (109492 + (18 - 88/11))/2 a composite number?
False
Let u = 3771828 + -2053441. Is u composite?
True
Suppose -3*l + 5*l = -5*s + 26, 0 = 5*s - 5*l - 5. Suppose 0 = 3*g - 17 - s. Let c(q) = 5*q + 3. Is c(g) composite?
True
Let n(z) = 7917*z**2 + 166*z + 54. Is n(-11) composite?
True
Let j be (16/(-56))/(5/35). Let r(d) = 14326*d**2 - 5*d - 2. Let y be r(4). Is j/14 + y/147 composite?
False
Suppose -7*w = 4*x - 6*w - 21, 4*x = w + 11. Suppose 7*m + 4569 = 8*m - x*g, g + 18246 = 4*m. Is m prime?
True
Suppose -1 - 9 = -10*w. Is (-1)/(-2)*3242/w a composite number?
False
Let m(p) = 2609*p**2. Let w(g) = 2*g**2 + 6*g - 9. Let d be w(-4). Is m(d) a prime number?
True
Suppose 4 - 60 = -4*n. Suppose -16*o = -n*o - 153150. Suppose -o = -3*k - 12*k. Is k prime?
False
Suppose -2*z - 1414486 = -10*z - 176142. Is z composite?
True
Suppose u - 1 = 1. Let t(o) = 25 - 8*o - 6*o - 12*o**2 + 17*o**u - 9*o. Is t(10) prime?
False
Let g(i) = -i**3 + i + 4. Let x be g(3). Let l be (-8)/(-3)*(-35 - x). Is (298/4)/((-20)/l) a composite number?
False
Let x = 167764 + -15347. Is x a composite number?
False
Suppose -4*p + 173*n - 171*n = -657360, 2 = n. Is p composite?
False
Suppose 5*j + 2*s - 317299 = -124122, -3*j + 4*s + 115901 = 0. Is j prime?
False
Let j(v) = -7*v + 3 - 1 - 9*v - 21*v. Let n be j(3). Let r = 1118 + n. Is r prime?
True
Let i be 3/((-35)/10 + 4). Suppose 7*z = 6*z - 3*d + i, 78 = 5*z - d. Suppose -5*x + 2720 = l + 4*l, 5*l = z. Is x composite?
False
Let a = -4928 + 13194. Let j = a + 9229. Is j prime?
False
Let g(i) = i**3 + 15*i**2 - 15*i + 18. Suppose -1 = w + c + 13, -90 = 5*w - 5*c. Let u be g(w). Is 369/12*18 - 1/u prime?
False
Let x be (-132)/(-20) - (-2)/5. Let i(b) = 1914*b - 1. Let o be i(5). Suppose 0 = x*n - 0*n - o. Is n prime?
True
Let n = 149 - 147. Is (3 + 0)*n/(12/1318) composite?
False
Let h(l) = -3*l - 66*l - 66*l - 32*l + 73. Is h(-18) composite?
False
Suppose -6*w + 809 = 9587. Let p = 3359 - w. Is p a prime number?
False
Let l be ((-4)/5)/(-2 + (-119)/(-60)). Suppose -25*c - l = -29*c. Is (4/(-3) - -1) + 7600/c a composite number?
True
Let w(k) = k**2 + 7*k + 15. Let u be w(-6). Suppose -u*t + 35973 + 21429 = 0. Is ((-15)/(-6))/(3/(t/1)) prime?
False
Let b = -8161 + 11613. Let i = b - 2053. Is i a composite number?
False
Let j(g) = 17*g**2 - 8*g - 83. Suppose -4*r - 24 = 5*c + 28, 3*c - 4*r + 12 = 0. Is j(c) prime?
True
Suppose 81 = 11*a - 249. Suppose -7*h - a = -17*h. Suppose -h*p = r + 2*r - 459, -5*p - 129 = -r. Is r prime?
True
Suppose 95*w - 25 = 90*w. Suppose 0 = -39*v + 42*v + 2*p - 643, -w*v = 2*p - 1077. Is v a prime number?
False
Suppose -4*s - 29 = -5*g, 4*g - 17 = 2*s + 5. Is (8/48)/(g/208410) composite?
False
Let r = -11 + 11. Suppose -3*s + 0*s - 3*f = 15, -s - 4*f - 2 = r. Is ((-3)/(s/(-1621)))/(3/(-6)) prime?
True
Suppose -914561 = -3*x - 2*w, -4*w = 2*x + 93404 - 703114. Is x prime?
False
Suppose x = 5*x + 5*g - 3527, x - 863 = 5*g. Suppose 0 = -7*c - x - 473. Let j = c - -270. Is j prime?
False
Let j(w) = 11*w**3 - 36*w**2 - 8*w - 32. Is j(35) prime?
True
Let n(s) = -832*s**3 + 2*s**2 - 2*s + 1. Let r be n(1). Let v(a) = 3*a**3 + 125*a**2 + 93*a - 1. Let q be v(-41). Let p = q - r. Is p composite?
False
Let o be 12/112*4 - 328/14. Let s = o - -23. Suppose -3*v - 253 + 1858 = s. Is v composite?
True
Suppose 0 = -3*s + 4*m + 15, 3 + 22 = 5*s + 4*m. Suppose h - 6*h + 25 = 0. Suppose s*x - 8445 = -h*g, -4770 = -2*g + 4*x - 1380. Is g a prime number?
False
Suppose 2*b = x - 0*x - 5511, 5*b = 3*x - 16538. Suppose -2*f - 3*f = -4*k - x, 3*k - 5*f = -4147. Let n = 2909 + k. Is n prime?
False
Let k(x) = 474*x + 63. Let g(s) = 474*s + 65. Let q(a) = -2